he remainder when z is divided by s?
18
Let r = 683 - 249. Calculate the remainder when 5 - 72/15 - r/(-5) is divided by 30.
27
Suppose 307*h - 1253 = 300*h. What is the remainder when h is divided by 12?
11
Suppose o - 5 = 22. Let x = 45 - o. Suppose -5*m + 13 + 22 = 0. What is the remainder when x is divided by m?
4
What is the remainder when 203 is divided by (68 - -3) + -4 + 3 + 3?
57
Suppose 0 = 5*g + d + 141 - 726, 0 = d + 5. Calculate the remainder when g is divided by 40.
38
Suppose -u + 4*u - 57 = 0. Let z be 117/(-12) + 3/(-12). What is the remainder when u is divided by z/20 + (-15)/(-2)?
5
Let u be (-3)/4 + 1695/20. Suppose c + 2*i - 19 = -0*c, 4*c - 73 = -5*i. What is the remainder when c is divided by 120/14 + 36/u?
8
Calculate the remainder when 187 is divided by (20 + -22)*9/(-6) + 4.
5
Let b = 219 - 111. What is the remainder when b is divided by (28/(-5) - -4)/(12/(-120))?
12
Let q(u) = -3*u**2 + 15*u - 5. What is the remainder when 121 is divided by q(3)?
4
Let k(o) = -o**2 + 7*o - 1. Let v be k(6). Suppose -4*i + v*i - 6 = 0. What is the remainder when -10*(-12)/(-50)*(-40)/6 is divided by i?
4
Suppose -57*q - 87 = -315. What is the remainder when 107 is divided by q?
3
Let u(g) = g**3 - 12*g**2 + 17*g + 13. What is the remainder when u(11) is divided by 65?
14
Let t(p) = p**2 - 8*p + 2. Let s be t(8). Suppose 2*q + 4*n = -0 + 12, -4*n - 12 = -s*q. What is the remainder when q is divided by (8 - 6) + -3 - 6/(-1)?
1
Let j = 26 - 11. Calculate the remainder when (-53 + 47)*(-28)/6 is divided by j.
13
Suppose -42*z + 45 = -37*z. Calculate the remainder when z is divided by 6.
3
Let r(i) = -i**3 + 4*i**2 + 2*i - 9. What is the remainder when 94 is divided by r(-3)?
46
Suppose -2*v + 3*d = -0*d - 4, 20 = v + 3*d. Calculate the remainder when 14 is divided by v.
6
Let f(d) be the third derivative of 0*d + 1/6*d**4 + 5/3*d**3 + 0 + 10*d**2. What is the remainder when f(9) is divided by 16?
14
Let i(p) = 4*p**2 - 14*p - 54. What is the remainder when 43 is divided by i(-3)?
19
Suppose -8*w + 18 = -5*w - 4*z, 4*z + 28 = 4*w. What is the remainder when 62 is divided by w?
2
Calculate the remainder when -3 - (-3813)/12 - (-11)/44 is divided by 106.
103
Let u(l) = -4*l - 265. Calculate the remainder when 683 is divided by u(-71).
18
What is the remainder when 60 is divided by (-240)/(-11) + (-166)/(-913)?
16
What is the remainder when -19 + 1 - -135 - (-5 + 0) is divided by 46?
30
Let j(p) = 4*p - 4. Let m be j(2). Suppose 0 = -h + 3*h - 3*g - 270, m*g = -h + 146. What is the remainder when h is divided by 47?
44
Let u = 46 + -88. Let c = u - -54. What is the remainder when 21 is divided by c?
9
Suppose -2*t = -4, 49*f - 2*t = 48*f + 10. What is the remainder when 1 + -1 + 65 + 0 is divided by f?
9
Suppose -6 + 13 = z. Suppose 2*c - z = c. What is the remainder when 55 is divided by c?
6
Let f(x) = x**2 + 7*x - 9. Suppose 3*r + 10 = -4*b, -4*r - 18 = 2*b + 12. Calculate the remainder when f(r) is divided by 8.
5
Let v = -154 - -163. Let j(t) = 3*t**3 - t**2 - 3*t + 1. Let h(d) = -d**2 - 7*d - 4. Let g be h(-6). What is the remainder when j(g) is divided by v?
6
Suppose 3*z + 9 = c, -4*z + 23 = 2*c - c. Suppose 2*l + c - 31 = 0. Calculate the remainder when 38 is divided by l.
6
What is the remainder when 207 is divided by 10/(-5)*(10 + -17)?
11
What is the remainder when 156/144*3*44 is divided by 49?
45
Let v(o) = -7*o + 28. Let h be v(-10). Suppose 3*g - 5*g - 5*q + 174 = 0, 3*q + h = g. Calculate the remainder when g is divided by 47.
45
Let a be (-3)/(-7) - (-1936)/154. Suppose -u = -d - a, 0*d = u + 4*d + 12. What is the remainder when 45 is divided by u?
5
Suppose 3*f + 5*a = 122, -f - 2*a + 29 = 2*a. Calculate the remainder when f is divided by 1.
0
Let v(o) = o + 2*o**2 + 10 - 12 - 2*o**3 + o. Let c be v(2). What is the remainder when (4 + c)*(-9)/2 is divided by 5?
4
Suppose 6*t = -617 + 2003. Let v = t - 90. Calculate the remainder when v is divided by 16.
13
Let d be 3/(-4)*(1 - 5). Calculate the remainder when 3 is divided by d + (-12)/3 - -2.
0
Let k(r) = 12*r**2 + 0*r**3 + 17*r**2 - 6*r + r**3 - 33*r**2 - 2. What is the remainder when 98 is divided by k(6)?
30
Let h(n) = -n**3 - n**2 + 2*n + 3. Let m be h(-2). Suppose 0 = -m*o + 3. Let l = 8 + o. What is the remainder when l is divided by 4?
1
Let l = -119 + 98. What is the remainder when 25 is divided by (-324)/l + (-6)/14?
10
Let s(g) = 377*g - 19. Calculate the remainder when s(1) is divided by 20.
18
Let r(l) = -107*l + 178. Calculate the remainder when r(-7) is divided by 30.
27
Suppose -4*m + a = -250, -159 + 31 = -2*m + 2*a. Calculate the remainder when 991 is divided by m.
61
Suppose 56*p - 60*p = -5*b - 132, -4*p - 2*b + 104 = 0. What is the remainder when 222 is divided by p?
26
Suppose 0 = -113*m + 43*m + 210. Calculate the remainder when 93 is divided by m.
0
Suppose -21 = 3*g - 9, 5*r - 4*g = 986. What is the remainder when r is divided by 11?
7
Suppose 27*a = -a + 196. What is the remainder when 98 is divided by a?
0
Let o = 22 - 18. Suppose -z + s - 6 = -s, 4 = 2*z + o*s. Calculate the remainder when ((-6)/5)/(z/65) is divided by 14.
11
Suppose -5*g - 72 = -11*g. Calculate the remainder when g*((-5)/2 - (5 - 8)) is divided by 1.
0
Suppose -4*b = 10*b + 224. Calculate the remainder when 11 is divided by 15/10*b/(-3).
3
Suppose 0 = -q - 2*i - 4, 2*i + 12 = -3*q - i. Let j = 112 - 52. What is the remainder when j is divided by q/(-2) + (-28)/(-2)?
12
Let s be ((-81)/6 + (-2)/4)/(-1). What is the remainder when -4 + 0 + 3 + 7*s is divided by 20?
17
Let t(m) = m**2 - m - 3. Let h be t(-2). Let z = 639 - 441. Suppose -3*l - 112 + 280 = 3*o, h*o - 3*l = z. Calculate the remainder when o is divided by 32.
29
Suppose -2*u - u - 9 = 0, -u - 23 = -5*q. Suppose 4*v - 48 = q*s, -3*s - v + 1 = 17. Let z = 22 + s. Calculate the remainder when 44 is divided by z.
14
Suppose -j + 13 = -x - 27, 60 = 2*j + 3*x. Calculate the remainder when 59 is divided by j.
23
Let f(c) = c**3 + 32*c**2 - c + 40. What is the remainder when f(-32) is divided by 25?
22
Let h be 2 + 1 + (-3 - -100). Suppose -5*j = -5*c + 105, j = 4*c + 5*j - h. What is the remainder when 66 is divided by c?
20
Let g = -87 + -56. Let d = 201 + g. What is the remainder when d is divided by 12?
10
What is the remainder when 12/10*(0 - 800/(-15)) is divided by 13?
12
Suppose 5*k + 4*q = 2*q + 690, -4*q = 0. Let o = 163 - k. Suppose -s + 2 = 8*g - 4*g, -3*g = 3*s - 33. Calculate the remainder when o is divided by s.
11
Let x = -38 + 107. What is the remainder when x is divided by 35?
34
Let h(u) = 3*u + 6. Let b be h(-5). Let l be (-4)/(-6) + (-111)/b. Suppose -2*j + j = -l. What is the remainder when 24 is divided by j?
11
Suppose -348 = -5*o - 3*r, 4*r - 4 = -0*r. Calculate the remainder when (4/6)/((-4)/(-186)) is divided by o/6 + 5/10.
7
Suppose -82*o = -78*o - 60. What is the remainder when 40 is divided by o?
10
Suppose 13*s + 26*s - 1287 = 0. What is the remainder when s is divided by 7?
5
Suppose -62 + 26 = 12*z. Let c(n) = n + 15. What is the remainder when 21 is divided by c(z)?
9
Let z(l) = -8*l - 32. Let a be 1 - (133/(-76))/((-2)/8). What is the remainder when -59*2/4*-2 is divided by z(a)?
11
Let z = -1 + 5. Let p(h) be the second derivative of h**3/3 - 15*h**2/2 - 7*h. What is the remainder when p(14) is divided by z?
1
Let z(b) = 3*b + 7. Let j(d) = d + 1. Let u(k) = -2*j(k) + z(k). Let c be u(-8). Calculate the remainder when 97 is divided by 1 + 25 + c + 2.
22
Let k(g) = -5*g - 3. Let m be k(-3). Let h = m - 10. Suppose -3*n = -h*n - 4. What is the remainder when 6 is divided by n?
2
Let w(i) = 10*i - 164. Calculate the remainder when 233 is divided by w(17).
5
Suppose -4 = -3*u + 14. Let n be 38/u + (-1)/3. Let c = 15 - n. Calculate the remainder when 15 is divided by c.
6
Suppose 60*s + 395 = 65*s. What is the remainder when s is divided by 20?
19
Suppose -2*d - 2*r - 18 = 0, -39 + 8 = 4*d - r. What is the remainder when 74 is divided by 12 + 12/d*-2?
14
Calculate the remainder when 56 is divided by (-1076)/(-30) + 112/840.
20
Let r = -3 + 8. Let h be 2/25*5*r. Calculate the remainder when 24 is divided by h*(1 - 11/(-2)).
11
Suppose -4*s = -3*y - 855, 4*s - 87*y + 86*y - 845 = 0. Calculate 